{"id":10000195,"date":"2021-06-22T13:37:49","date_gmt":"2021-06-22T11:37:49","guid":{"rendered":"https:\/\/piccolimuseiaprimiero.it\/palazzo-miniere\/evento\/linventa-storie-il-mondo-sotto-sopra\/"},"modified":"2021-07-16T16:06:50","modified_gmt":"2021-07-16T14:06:50","slug":"linventa-storie-il-mondo-sotto-sopra","status":"publish","type":"tribe_events","link":"https:\/\/piccolimuseiaprimiero.it\/palazzo-miniere\/evento\/linventa-storie-il-mondo-sotto-sopra\/2021-07-03\/","title":{"rendered":"L&#8217;INVENTA STORIE: IL MONDO SOTTO SOPRA"},"content":{"rendered":"[vc_row][vc_column][vc_column_text]Con l\u2019ausilio di alcune carte si potr\u00e0 divertirsi a inventare tante storie fantasiose viste per\u00f2 in un mondo capovolto. Dove il punto di vista verr\u00e0 ribaltato.<\/p>\n<hr \/>\n<p><strong><br \/>\nPrenotazione obbligatoria<\/strong> al +39 3495796185 dalle 13 alle 15<br \/>\n<strong>Durata: <\/strong>due gruppi 16.00-17.00 (4 &#8211; 6 ANNI) o 17.30-18.30 (7 &#8211; 12 ANNI)<br \/>\nMassimo 9 bambini per gruppo[\/vc_column_text][\/vc_column][\/vc_row]\n","protected":false},"excerpt":{"rendered":"<p>Con l\u2019ausilio di alcune carte si potr\u00e0 divertirsi a inventare tante storie fantasiose viste per\u00f2 in un mondo capovolto.<\/p>\n","protected":false},"author":1,"featured_media":316,"template":"","meta":{"_tribe_events_status":"","_tribe_events_status_reason":"","_tribe_events_is_hybrid":"","_tribe_events_is_virtual":"","_tribe_events_virtual_video_source":"","_tribe_events_virtual_embed_video":"","_tribe_events_virtual_linked_button_text":"","_tribe_events_virtual_linked_button":"","_tribe_events_virtual_show_embed_at":"","_tribe_events_virtual_show_embed_to":[],"_tribe_events_virtual_show_on_event":"","_tribe_events_virtual_show_on_views":"","_tribe_events_virtual_url":"","footnotes":""},"tags":[],"tribe_events_cat":[6,3],"class_list":["post-10000195","tribe_events","type-tribe_events","status-publish","has-post-thumbnail","tribe_events_cat-laboratori-per-bambini","tribe_events_cat-palazzo-delle-miniere","cat_laboratori-per-bambini","cat_palazzo-delle-miniere","tribe-recurring-event","tribe-recurring-event-parent"],"_links":{"self":[{"href":"https:\/\/piccolimuseiaprimiero.it\/palazzo-miniere\/wp-json\/wp\/v2\/tribe_events\/10000195","targetHints":{"allow":["GET"]}}],"collection":[{"href":"https:\/\/piccolimuseiaprimiero.it\/palazzo-miniere\/wp-json\/wp\/v2\/tribe_events"}],"about":[{"href":"https:\/\/piccolimuseiaprimiero.it\/palazzo-miniere\/wp-json\/wp\/v2\/types\/tribe_events"}],"author":[{"embeddable":true,"href":"https:\/\/piccolimuseiaprimiero.it\/palazzo-miniere\/wp-json\/wp\/v2\/users\/1"}],"version-history":[{"count":0,"href":"https:\/\/piccolimuseiaprimiero.it\/palazzo-miniere\/wp-json\/wp\/v2\/tribe_events\/10000195\/revisions"}],"wp:featuredmedia":[{"embeddable":true,"href":"https:\/\/piccolimuseiaprimiero.it\/palazzo-miniere\/wp-json\/wp\/v2\/media\/316"}],"wp:attachment":[{"href":"https:\/\/piccolimuseiaprimiero.it\/palazzo-miniere\/wp-json\/wp\/v2\/media?parent=10000195"}],"wp:term":[{"taxonomy":"post_tag","embeddable":true,"href":"https:\/\/piccolimuseiaprimiero.it\/palazzo-miniere\/wp-json\/wp\/v2\/tags?post=10000195"},{"taxonomy":"tribe_events_cat","embeddable":true,"href":"https:\/\/piccolimuseiaprimiero.it\/palazzo-miniere\/wp-json\/wp\/v2\/tribe_events_cat?post=10000195"}],"curies":[{"name":"wp","href":"https:\/\/api.w.org\/{rel}","templated":true}]}}

[vc_row][vc_column][vc_column_text]Con l’ausilio di alcune carte si potrà divertirsi a inventare tante storie fantasiose viste però in un mondo capovolto. Dove il punto di vista verrà ribaltato.</p>
<hr />
<p><strong><br />
Prenotazione obbligatoria</strong> al +39 3495796185 dalle 13 alle 15<br />
<strong>Durata: </strong>due gruppi 16.00-17.00 (4 &#8211; 6 ANNI) o 17.30-18.30 (7 &#8211; 12 ANNI)<br />
Massimo 9 bambini per gruppo[/vc_column_text][/vc_column][/vc_row]

<p>Con l’ausilio di alcune carte si potrà divertirsi a inventare tante storie fantasiose viste però in un mondo capovolto.</p>
