{"id":1177,"date":"2025-05-28T16:20:25","date_gmt":"2025-05-28T14:20:25","guid":{"rendered":"https:\/\/piccolimuseiaprimiero.it\/palazzo-miniere\/evento\/trio-mirage\/"},"modified":"2025-05-28T16:29:12","modified_gmt":"2025-05-28T14:29:12","slug":"trio-mirage","status":"publish","type":"tribe_events","link":"https:\/\/piccolimuseiaprimiero.it\/palazzo-miniere\/evento\/trio-mirage\/","title":{"rendered":"25^ RASSEGNA DI MUSICHE:\u00a0TRIO MIRAGE"},"content":{"rendered":"<p><strong>Sabato 9 agosto 2025<\/strong><br \/>\n<strong>Ore 17.30<\/strong><\/p>\n<p><strong>25^ RASSEGNA DI MUSICHE: TRIO MIRAGE <\/strong><\/p>\n<p><strong>Concerto di flauto, violoncello e arpa<\/strong><\/p>\n<div class=\"col-lg-12 col-md-12 col-sm-12 col-xs-12 remove-padding clear-after\">\n<div class=\"col-lg-1 col-md-1 col-sm-2 col-xs-2 clear-after remove-padding icona-mappa-scheda\">Il Trio Mirages \u00e8 un ensemble cameristico formato da <strong>Claudia Piga<\/strong>\u00a0(flauto),\u00a0<strong>Marta Premoli<\/strong>\u00a0(violoncello) e\u00a0<strong>Morgana Rudan<\/strong> (arpa), nato nel 2021 presso l\u2019Istituto Superiore di Studi Musicali \u201cAchille Peri\u201d di Reggio Emilia, sotto la guida del Maestro Simone Gramaglia. Il trio si distingue per l&#8217;esplorazione del repertorio francese del XX secolo, con particolare attenzione alla ricchezza timbrica e alla raffinatezza compositiva di autori come Debussy, Ravel, Jolivet e Damase.<\/div>\n<\/div>\n<p>Nel 2025, il Trio Mirages ha pubblicato il suo album di debutto, intitolato Musique d\u2019un Pass\u00e9 Proche, per l&#8217;etichetta Da Vinci Classics.<br \/>\nIl disco include opere di Jacques Ibert, Jean Fran\u00e7aix, Andr\u00e9 Jolivet, Henri Martelli e Jean-Michel Damase, offrendo un itinerario attraverso la musica francese del ventesimo secolo. Il trio ha partecipato a masterclass tenute dal Maestro Simone Gramaglia presso l&#8217;Accademia Filarmonica Internazionale del Mediterraneo a Trani e al Corso Musicale \u201cMarco Allegri\u201d presso la Scuola Comunale di Musica \u201cG. Sarti\u201d di Faenza, approfondendo il lavoro di perfezionamento cameristico. Il Trio Mirages si \u00e8 esibito in diverse rassegne concertistiche, tra cui la stagione della Giovent\u00f9 Musicale di Camerino e la rassegna MusicaCantoParola a Modena, presentando programmi che spaziano da sonorit\u00e0 languide e melodiose a pagine dal carattere ritmico e incalzante, sempre accomunate dal fascino della musica francese. Attraverso la combinazione unica di flauto, violoncello e arpa, il Trio Mirages continua a esplorare nuove frontiere musicali, arricchendo il panorama cameristico contemporaneo con interpretazioni raffinate e innovative.<\/p>\n<hr \/>\n<p>Partecipazione libera fino ad esaurimento dei posti disponibili.<\/p>\n<p><strong>Ingresso<\/strong> \u20ac 7,00 \u2013 Soci FAI \u20ac 3,00<\/p>\n<p><em>A cura della Fondazione giovent\u00f9 musicale d&#8217;Italia\u00a0in collaborazione con il Circolo Culturale Castel Pietra e il Comune di Primiero San Martino di Castrozza<\/em><\/p>\n","protected":false},"excerpt":{"rendered":"<p>Sabato 9 agosto 2025 Ore 17.30 25^ RASSEGNA DI MUSICHE: TRIO MIRAGE Concerto di flauto, violoncello e arpa Il Trio Mirages \u00e8 un ensemble cameristico formato da Claudia Piga\u00a0(flauto),\u00a0Marta Premoli\u00a0(violoncello)&#8230;<\/p>\n","protected":false},"author":4,"featured_media":1178,"template":"","meta":{"_tribe_events_status":"","_tribe_events_status_reason":"","_tribe_events_is_hybrid":"","_tribe_events_is_virtual":"","_tribe_events_virtual_video_source":"","_tribe_events_virtual_embed_video":"","_tribe_events_virtual_linked_button_text":"","_tribe_events_virtual_linked_button":"","_tribe_events_virtual_show_embed_at":"","_tribe_events_virtual_show_embed_to":[],"_tribe_events_virtual_show_on_event":"","_tribe_events_virtual_show_on_views":"","_tribe_events_virtual_url":"","footnotes":""},"tags":[],"tribe_events_cat":[12,3],"class_list":["post-1177","tribe_events","type-tribe_events","status-publish","has-post-thumbnail","tribe_events_cat-concerti","tribe_events_cat-palazzo-delle-miniere","cat_concerti","cat_palazzo-delle-miniere"],"_links":{"self":[{"href":"https:\/\/piccolimuseiaprimiero.it\/palazzo-miniere\/wp-json\/wp\/v2\/tribe_events\/1177","targetHints":{"allow":["GET"]}}],"collection":[{"href":"https:\/\/piccolimuseiaprimiero.it\/palazzo-miniere\/wp-json\/wp\/v2\/tribe_events"}],"about":[{"href":"https:\/\/piccolimuseiaprimiero.it\/palazzo-miniere\/wp-json\/wp\/v2\/types\/tribe_events"}],"author":[{"embeddable":true,"href":"https:\/\/piccolimuseiaprimiero.it\/palazzo-miniere\/wp-json\/wp\/v2\/users\/4"}],"version-history":[{"count":1,"href":"https:\/\/piccolimuseiaprimiero.it\/palazzo-miniere\/wp-json\/wp\/v2\/tribe_events\/1177\/revisions"}],"predecessor-version":[{"id":1179,"href":"https:\/\/piccolimuseiaprimiero.it\/palazzo-miniere\/wp-json\/wp\/v2\/tribe_events\/1177\/revisions\/1179"}],"wp:featuredmedia":[{"embeddable":true,"href":"https:\/\/piccolimuseiaprimiero.it\/palazzo-miniere\/wp-json\/wp\/v2\/media\/1178"}],"wp:attachment":[{"href":"https:\/\/piccolimuseiaprimiero.it\/palazzo-miniere\/wp-json\/wp\/v2\/media?parent=1177"}],"wp:term":[{"taxonomy":"post_tag","embeddable":true,"href":"https:\/\/piccolimuseiaprimiero.it\/palazzo-miniere\/wp-json\/wp\/v2\/tags?post=1177"},{"taxonomy":"tribe_events_cat","embeddable":true,"href":"https:\/\/piccolimuseiaprimiero.it\/palazzo-miniere\/wp-json\/wp\/v2\/tribe_events_cat?post=1177"}],"curies":[{"name":"wp","href":"https:\/\/api.w.org\/{rel}","templated":true}]}}

<p><strong>Sabato 9 agosto 2025</strong><br />
<strong>Ore 17.30</strong></p>
<p><strong>25^ RASSEGNA DI MUSICHE: TRIO MIRAGE </strong></p>
<p><strong>Concerto di flauto, violoncello e arpa</strong></p>
<div class="col-lg-12 col-md-12 col-sm-12 col-xs-12 remove-padding clear-after">
<div class="col-lg-1 col-md-1 col-sm-2 col-xs-2 clear-after remove-padding icona-mappa-scheda">Il Trio Mirages è un ensemble cameristico formato da <strong>Claudia Piga</strong> (flauto), <strong>Marta Premoli</strong> (violoncello) e <strong>Morgana Rudan</strong> (arpa), nato nel 2021 presso l’Istituto Superiore di Studi Musicali “Achille Peri” di Reggio Emilia, sotto la guida del Maestro Simone Gramaglia. Il trio si distingue per l&#8217;esplorazione del repertorio francese del XX secolo, con particolare attenzione alla ricchezza timbrica e alla raffinatezza compositiva di autori come Debussy, Ravel, Jolivet e Damase.</div>
</div>
<p>Nel 2025, il Trio Mirages ha pubblicato il suo album di debutto, intitolato Musique d’un Passé Proche, per l&#8217;etichetta Da Vinci Classics.<br />
Il disco include opere di Jacques Ibert, Jean Françaix, André Jolivet, Henri Martelli e Jean-Michel Damase, offrendo un itinerario attraverso la musica francese del ventesimo secolo. Il trio ha partecipato a masterclass tenute dal Maestro Simone Gramaglia presso l&#8217;Accademia Filarmonica Internazionale del Mediterraneo a Trani e al Corso Musicale “Marco Allegri” presso la Scuola Comunale di Musica “G. Sarti” di Faenza, approfondendo il lavoro di perfezionamento cameristico. Il Trio Mirages si è esibito in diverse rassegne concertistiche, tra cui la stagione della Gioventù Musicale di Camerino e la rassegna MusicaCantoParola a Modena, presentando programmi che spaziano da sonorità languide e melodiose a pagine dal carattere ritmico e incalzante, sempre accomunate dal fascino della musica francese. Attraverso la combinazione unica di flauto, violoncello e arpa, il Trio Mirages continua a esplorare nuove frontiere musicali, arricchendo il panorama cameristico contemporaneo con interpretazioni raffinate e innovative.</p>
<hr />
<p>Partecipazione libera fino ad esaurimento dei posti disponibili.</p>
<p><strong>Ingresso</strong> € 7,00 – Soci FAI € 3,00</p>
<p><em>A cura della Fondazione gioventù musicale d&#8217;Italia in collaborazione con il Circolo Culturale Castel Pietra e il Comune di Primiero San Martino di Castrozza</em></p>

<p>Sabato 9 agosto 2025 Ore 17.30 25^ RASSEGNA DI MUSICHE: TRIO MIRAGE Concerto di flauto, violoncello e arpa Il Trio Mirages è un ensemble cameristico formato da Claudia Piga (flauto), Marta Premoli (violoncello)&#8230;</p>
