{"id":1220,"date":"2025-07-02T12:19:13","date_gmt":"2025-07-02T10:19:13","guid":{"rendered":"https:\/\/piccolimuseiaprimiero.it\/palazzo-miniere\/evento\/incontri-a-palazzo-presentazione-libro-il-primo-libro-di-geografia\/"},"modified":"2025-07-02T12:32:57","modified_gmt":"2025-07-02T10:32:57","slug":"incontri-a-palazzo-presentazione-libro-il-primo-libro-di-geografia","status":"publish","type":"tribe_events","link":"https:\/\/piccolimuseiaprimiero.it\/palazzo-miniere\/evento\/incontri-a-palazzo-presentazione-libro-il-primo-libro-di-geografia\/","title":{"rendered":"INCONTRI A PALAZZO | PRESENTAZIONE del LIBRO \u201cIl primo libro di geografia\u201d"},"content":{"rendered":"[vc_row type=&#8221;in_container&#8221; full_screen_row_position=&#8221;middle&#8221; column_margin=&#8221;default&#8221; column_direction=&#8221;default&#8221; column_direction_tablet=&#8221;default&#8221; column_direction_phone=&#8221;default&#8221; scene_position=&#8221;center&#8221; text_color=&#8221;dark&#8221; text_align=&#8221;left&#8221; row_border_radius=&#8221;none&#8221; row_border_radius_applies=&#8221;bg&#8221; overflow=&#8221;visible&#8221; overlay_strength=&#8221;0.3&#8243; gradient_direction=&#8221;left_to_right&#8221; shape_divider_position=&#8221;bottom&#8221; bg_image_animation=&#8221;none&#8221;][vc_column column_padding=&#8221;no-extra-padding&#8221; column_padding_tablet=&#8221;inherit&#8221; column_padding_phone=&#8221;inherit&#8221; column_padding_position=&#8221;all&#8221; column_element_direction_desktop=&#8221;default&#8221; column_element_spacing=&#8221;default&#8221; desktop_text_alignment=&#8221;default&#8221; tablet_text_alignment=&#8221;default&#8221; phone_text_alignment=&#8221;default&#8221; background_color_opacity=&#8221;1&#8243; background_hover_color_opacity=&#8221;1&#8243; column_backdrop_filter=&#8221;none&#8221; column_shadow=&#8221;none&#8221; column_border_radius=&#8221;none&#8221; column_link_target=&#8221;_self&#8221; column_position=&#8221;default&#8221; gradient_direction=&#8221;left_to_right&#8221; overlay_strength=&#8221;0.3&#8243; width=&#8221;1\/1&#8243; tablet_width_inherit=&#8221;default&#8221; animation_type=&#8221;default&#8221; bg_image_animation=&#8221;none&#8221; border_type=&#8221;simple&#8221; column_border_width=&#8221;none&#8221; column_border_style=&#8221;solid&#8221;][vc_column_text css=&#8221;&#8221; text_direction=&#8221;default&#8221;]\n<h1><strong>PRESENTAZIONE del LIBRO: <\/strong><em>IL PRIMO LIBRO DI GEOGRAFI<\/em>A<\/h1>\n<h3>con l&#8217;autore Mauro Varotto<\/h3>\n<p>&nbsp;<\/p>\n<p><strong>Mercoled\u00ec 27 agosto 2025<\/strong><br \/>\n<strong>Ore 20.30<\/strong><\/p>\n<p data-start=\"1165\" data-end=\"1546\">Negli ultimi anni si lamenta da pi\u00fa parti un&#8217;ignoranza geografica crescente: non si conoscono pi\u00fa le province, le capitali, i nomi dei monti e dei fiumi&#8230; \u00e8 in realt\u00e0 la punta dell&#8217;iceberg di una pi\u00fa profonda e grave \u00abindifferenza al dove\u00bb che caratterizza ampi settori della societ\u00e0 ed economia contemporanea. Eppure, anche se le ore d&#8217;insegnamento della Geografia sono pressoch\u00e9 scomparse dalle scuole superiori, la geografia \u00e8 ovunque: nei cibi che consumiamo, nei paesaggi del quotidiano, nella geolocalizzazione involontaria di ogni nostro spostamento, nei cambiamenti climatici e nelle complicate rotte dei migranti.<\/p>\n<p data-start=\"1357\" data-end=\"1738\"><em>Partecipazione gratuita<\/em><\/p>\n[\/vc_column_text][\/vc_column][\/vc_row]\n","protected":false},"excerpt":{"rendered":"<p>con l&#8217;autore Mauro Varotto<\/p>\n","protected":false},"author":4,"featured_media":1221,"template":"","meta":{"_tribe_events_status":"","_tribe_events_status_reason":"","_tribe_events_is_hybrid":"","_tribe_events_is_virtual":"","_tribe_events_virtual_video_source":"","_tribe_events_virtual_embed_video":"","_tribe_events_virtual_linked_button_text":"","_tribe_events_virtual_linked_button":"","_tribe_events_virtual_show_embed_at":"","_tribe_events_virtual_show_embed_to":[],"_tribe_events_virtual_show_on_event":"","_tribe_events_virtual_show_on_views":"","_tribe_events_virtual_url":"","footnotes":""},"tags":[],"tribe_events_cat":[14,3],"class_list":["post-1220","tribe_events","type-tribe_events","status-publish","has-post-thumbnail","tribe_events_cat-letture","tribe_events_cat-palazzo-delle-miniere","cat_letture","cat_palazzo-delle-miniere"],"_links":{"self":[{"href":"https:\/\/piccolimuseiaprimiero.it\/palazzo-miniere\/wp-json\/wp\/v2\/tribe_events\/1220","targetHints":{"allow":["GET"]}}],"collection":[{"href":"https:\/\/piccolimuseiaprimiero.it\/palazzo-miniere\/wp-json\/wp\/v2\/tribe_events"}],"about":[{"href":"https:\/\/piccolimuseiaprimiero.it\/palazzo-miniere\/wp-json\/wp\/v2\/types\/tribe_events"}],"author":[{"embeddable":true,"href":"https:\/\/piccolimuseiaprimiero.it\/palazzo-miniere\/wp-json\/wp\/v2\/users\/4"}],"version-history":[{"count":2,"href":"https:\/\/piccolimuseiaprimiero.it\/palazzo-miniere\/wp-json\/wp\/v2\/tribe_events\/1220\/revisions"}],"predecessor-version":[{"id":1223,"href":"https:\/\/piccolimuseiaprimiero.it\/palazzo-miniere\/wp-json\/wp\/v2\/tribe_events\/1220\/revisions\/1223"}],"wp:featuredmedia":[{"embeddable":true,"href":"https:\/\/piccolimuseiaprimiero.it\/palazzo-miniere\/wp-json\/wp\/v2\/media\/1221"}],"wp:attachment":[{"href":"https:\/\/piccolimuseiaprimiero.it\/palazzo-miniere\/wp-json\/wp\/v2\/media?parent=1220"}],"wp:term":[{"taxonomy":"post_tag","embeddable":true,"href":"https:\/\/piccolimuseiaprimiero.it\/palazzo-miniere\/wp-json\/wp\/v2\/tags?post=1220"},{"taxonomy":"tribe_events_cat","embeddable":true,"href":"https:\/\/piccolimuseiaprimiero.it\/palazzo-miniere\/wp-json\/wp\/v2\/tribe_events_cat?post=1220"}],"curies":[{"name":"wp","href":"https:\/\/api.w.org\/{rel}","templated":true}]}}

[vc_row type=&#8221;in_container&#8221; full_screen_row_position=&#8221;middle&#8221; column_margin=&#8221;default&#8221; column_direction=&#8221;default&#8221; column_direction_tablet=&#8221;default&#8221; column_direction_phone=&#8221;default&#8221; scene_position=&#8221;center&#8221; text_color=&#8221;dark&#8221; text_align=&#8221;left&#8221; row_border_radius=&#8221;none&#8221; row_border_radius_applies=&#8221;bg&#8221; overflow=&#8221;visible&#8221; overlay_strength=&#8221;0.3&#8243; gradient_direction=&#8221;left_to_right&#8221; shape_divider_position=&#8221;bottom&#8221; bg_image_animation=&#8221;none&#8221;][vc_column column_padding=&#8221;no-extra-padding&#8221; column_padding_tablet=&#8221;inherit&#8221; column_padding_phone=&#8221;inherit&#8221; column_padding_position=&#8221;all&#8221; column_element_direction_desktop=&#8221;default&#8221; column_element_spacing=&#8221;default&#8221; desktop_text_alignment=&#8221;default&#8221; tablet_text_alignment=&#8221;default&#8221; phone_text_alignment=&#8221;default&#8221; background_color_opacity=&#8221;1&#8243; background_hover_color_opacity=&#8221;1&#8243; column_backdrop_filter=&#8221;none&#8221; column_shadow=&#8221;none&#8221; column_border_radius=&#8221;none&#8221; column_link_target=&#8221;_self&#8221; column_position=&#8221;default&#8221; gradient_direction=&#8221;left_to_right&#8221; overlay_strength=&#8221;0.3&#8243; width=&#8221;1/1&#8243; tablet_width_inherit=&#8221;default&#8221; animation_type=&#8221;default&#8221; bg_image_animation=&#8221;none&#8221; border_type=&#8221;simple&#8221; column_border_width=&#8221;none&#8221; column_border_style=&#8221;solid&#8221;][vc_column_text css=&#8221;&#8221; text_direction=&#8221;default&#8221;]
<h1><strong>PRESENTAZIONE del LIBRO: </strong><em>IL PRIMO LIBRO DI GEOGRAFI</em>A</h1>
<h3>con l&#8217;autore Mauro Varotto</h3>
<p>&nbsp;</p>
<p><strong>Mercoledì 27 agosto 2025</strong><br />
<strong>Ore 20.30</strong></p>
<p data-start="1165" data-end="1546">Negli ultimi anni si lamenta da piú parti un&#8217;ignoranza geografica crescente: non si conoscono piú le province, le capitali, i nomi dei monti e dei fiumi&#8230; è in realtà la punta dell&#8217;iceberg di una piú profonda e grave «indifferenza al dove» che caratterizza ampi settori della società ed economia contemporanea. Eppure, anche se le ore d&#8217;insegnamento della Geografia sono pressoché scomparse dalle scuole superiori, la geografia è ovunque: nei cibi che consumiamo, nei paesaggi del quotidiano, nella geolocalizzazione involontaria di ogni nostro spostamento, nei cambiamenti climatici e nelle complicate rotte dei migranti.</p>
<p data-start="1357" data-end="1738"><em>Partecipazione gratuita</em></p>
[/vc_column_text][/vc_column][/vc_row]
