{"id":1245,"date":"2025-12-03T15:10:39","date_gmt":"2025-12-03T14:10:39","guid":{"rendered":"https:\/\/piccolimuseiaprimiero.it\/palazzo-miniere\/evento\/inaugurazione-della-mostra-immaginare-la-pace\/"},"modified":"2025-12-15T14:23:55","modified_gmt":"2025-12-15T13:23:55","slug":"inaugurazione-della-mostra-immaginare-la-pace","status":"publish","type":"tribe_events","link":"https:\/\/piccolimuseiaprimiero.it\/palazzo-miniere\/evento\/inaugurazione-della-mostra-immaginare-la-pace\/","title":{"rendered":"INAUGURAZIONE DELLA MOSTRA: &#8220;Immaginare la pace&#8221;"},"content":{"rendered":"<h1><strong>Inaugurazione della mostra &#8220;Immaginare la pace&#8221;<\/strong><\/h1>\n<p><strong>Venerd\u00ec 19 dicembre 2025<\/strong><br \/>\n<strong>Ore 17.30<\/strong><\/p>\n<p>Inaugurazione della mostra <strong>&#8220;Immaginare la pace&#8221; <\/strong>che\u00a0espone i lavori degli studenti tra i 6 e i 19 anni dell&#8217;Istituto Comprensivo e dell&#8217;Istituto Santa Croce.\u00a0I lavori sono stati realizzati nell&#8217;ambito del Concorso artistico-letterario<strong>\u00a0&#8220;Tracce\u00a0d&#8217;autore- Memorial Jennifer Bettega&#8221;,<\/strong>\u00a0che l&#8217;Istituto propone periodicamente ai propri studenti. I lavori sono di vario genere, formato e tecnica: poesie, testi narrativi, disegni e sculture. L&#8217;esposizione rappresenta\u00a0un momento di riflessione\u00a0 e un&#8217;opportunit\u00e0 per dare visibilit\u00e0 alla creativit\u00e0 e alla partecipazione dei pi\u00f9 giovani ad una tematica purtroppo sempre di attualit\u00e0.<\/p>\n<p>L&#8217;esposizione, visitabile dal 23 dicembre al 6 gennaio 2026,\u00a0 \u00e8 stata allestita dagli studenti aderenti al progetto\u00a0\u00a0di Alternanza\u00a0 Scuola-lavoro\u00a0\u00a0&#8220;Curatori museali&#8221;.<\/p>\n","protected":false},"excerpt":{"rendered":"<p>Inaugurazione della mostra &#8220;Immaginare la pace&#8221; Venerd\u00ec 19 dicembre 2025 Ore 17.30 Inaugurazione della mostra &#8220;Immaginare la pace&#8221; che\u00a0espone i lavori degli studenti tra i 6 e i 19 anni&#8230;<\/p>\n","protected":false},"author":4,"featured_media":1243,"template":"","meta":{"_tribe_events_status":"","_tribe_events_status_reason":"","_tribe_events_is_hybrid":"","_tribe_events_is_virtual":"","_tribe_events_virtual_video_source":"","_tribe_events_virtual_embed_video":"","_tribe_events_virtual_linked_button_text":"","_tribe_events_virtual_linked_button":"","_tribe_events_virtual_show_embed_at":"","_tribe_events_virtual_show_embed_to":[],"_tribe_events_virtual_show_on_event":"","_tribe_events_virtual_show_on_views":"","_tribe_events_virtual_url":"","footnotes":""},"tags":[],"tribe_events_cat":[15,3],"class_list":["post-1245","tribe_events","type-tribe_events","status-publish","has-post-thumbnail","tribe_events_cat-mostre","tribe_events_cat-palazzo-delle-miniere","cat_mostre","cat_palazzo-delle-miniere"],"_links":{"self":[{"href":"https:\/\/piccolimuseiaprimiero.it\/palazzo-miniere\/wp-json\/wp\/v2\/tribe_events\/1245","targetHints":{"allow":["GET"]}}],"collection":[{"href":"https:\/\/piccolimuseiaprimiero.it\/palazzo-miniere\/wp-json\/wp\/v2\/tribe_events"}],"about":[{"href":"https:\/\/piccolimuseiaprimiero.it\/palazzo-miniere\/wp-json\/wp\/v2\/types\/tribe_events"}],"author":[{"embeddable":true,"href":"https:\/\/piccolimuseiaprimiero.it\/palazzo-miniere\/wp-json\/wp\/v2\/users\/4"}],"version-history":[{"count":1,"href":"https:\/\/piccolimuseiaprimiero.it\/palazzo-miniere\/wp-json\/wp\/v2\/tribe_events\/1245\/revisions"}],"predecessor-version":[{"id":1246,"href":"https:\/\/piccolimuseiaprimiero.it\/palazzo-miniere\/wp-json\/wp\/v2\/tribe_events\/1245\/revisions\/1246"}],"wp:featuredmedia":[{"embeddable":true,"href":"https:\/\/piccolimuseiaprimiero.it\/palazzo-miniere\/wp-json\/wp\/v2\/media\/1243"}],"wp:attachment":[{"href":"https:\/\/piccolimuseiaprimiero.it\/palazzo-miniere\/wp-json\/wp\/v2\/media?parent=1245"}],"wp:term":[{"taxonomy":"post_tag","embeddable":true,"href":"https:\/\/piccolimuseiaprimiero.it\/palazzo-miniere\/wp-json\/wp\/v2\/tags?post=1245"},{"taxonomy":"tribe_events_cat","embeddable":true,"href":"https:\/\/piccolimuseiaprimiero.it\/palazzo-miniere\/wp-json\/wp\/v2\/tribe_events_cat?post=1245"}],"curies":[{"name":"wp","href":"https:\/\/api.w.org\/{rel}","templated":true}]}}

<h1><strong>Inaugurazione della mostra &#8220;Immaginare la pace&#8221;</strong></h1>
<p><strong>Venerdì 19 dicembre 2025</strong><br />
<strong>Ore 17.30</strong></p>
<p>Inaugurazione della mostra <strong>&#8220;Immaginare la pace&#8221; </strong>che espone i lavori degli studenti tra i 6 e i 19 anni dell&#8217;Istituto Comprensivo e dell&#8217;Istituto Santa Croce. I lavori sono stati realizzati nell&#8217;ambito del Concorso artistico-letterario<strong> &#8220;Tracce d&#8217;autore- Memorial Jennifer Bettega&#8221;,</strong> che l&#8217;Istituto propone periodicamente ai propri studenti. I lavori sono di vario genere, formato e tecnica: poesie, testi narrativi, disegni e sculture. L&#8217;esposizione rappresenta un momento di riflessione  e un&#8217;opportunità per dare visibilità alla creatività e alla partecipazione dei più giovani ad una tematica purtroppo sempre di attualità.</p>
<p>L&#8217;esposizione, visitabile dal 23 dicembre al 6 gennaio 2026,  è stata allestita dagli studenti aderenti al progetto  di Alternanza  Scuola-lavoro  &#8220;Curatori museali&#8221;.</p>

<p>Inaugurazione della mostra &#8220;Immaginare la pace&#8221; Venerdì 19 dicembre 2025 Ore 17.30 Inaugurazione della mostra &#8220;Immaginare la pace&#8221; che espone i lavori degli studenti tra i 6 e i 19 anni&#8230;</p>
