{"id":1071,"date":"2022-06-10T13:42:47","date_gmt":"2022-06-10T11:42:47","guid":{"rendered":"https:\/\/piccolimuseiaprimiero.it\/palazzo-scopoli\/evento\/en-giro-par-i-filo-5\/"},"modified":"2023-06-14T12:54:41","modified_gmt":"2023-06-14T10:54:41","slug":"en-giro-par-i-filo-5","status":"publish","type":"tribe_events","link":"https:\/\/piccolimuseiaprimiero.it\/palazzo-scopoli\/evento\/en-giro-par-i-filo-5\/","title":{"rendered":"EN GIRO PAR I FILO\u2019"},"content":{"rendered":"[vc_row type=&#8221;in_container&#8221; full_screen_row_position=&#8221;middle&#8221; column_margin=&#8221;default&#8221; column_direction=&#8221;default&#8221; column_direction_tablet=&#8221;default&#8221; column_direction_phone=&#8221;default&#8221; scene_position=&#8221;center&#8221; text_color=&#8221;dark&#8221; text_align=&#8221;left&#8221; row_border_radius=&#8221;none&#8221; row_border_radius_applies=&#8221;bg&#8221; overlay_strength=&#8221;0.3&#8243; gradient_direction=&#8221;left_to_right&#8221; shape_divider_position=&#8221;bottom&#8221; bg_image_animation=&#8221;none&#8221;][vc_column column_padding=&#8221;no-extra-padding&#8221; column_padding_tablet=&#8221;inherit&#8221; column_padding_phone=&#8221;inherit&#8221; column_padding_position=&#8221;all&#8221; column_element_spacing=&#8221;default&#8221; background_color_opacity=&#8221;1&#8243; background_hover_color_opacity=&#8221;1&#8243; column_shadow=&#8221;none&#8221; column_border_radius=&#8221;none&#8221; column_link_target=&#8221;_self&#8221; gradient_direction=&#8221;left_to_right&#8221; overlay_strength=&#8221;0.3&#8243; width=&#8221;1\/1&#8243; tablet_width_inherit=&#8221;default&#8221; tablet_text_alignment=&#8221;default&#8221; phone_text_alignment=&#8221;default&#8221; bg_image_animation=&#8221;none&#8221; border_type=&#8221;simple&#8221; column_border_width=&#8221;none&#8221; column_border_style=&#8221;solid&#8221;][vc_column_text]Torna, per la sua 30a edizione, uno degli appuntamenti pi\u00f9 amati di Primiero. Nel cuore di Tonadico, borgo montano definito \u201cpaese pinacoteca\u201d perch\u00e9 \u00e8 ricco di edifici e affreschi storici, si snoda un suggestivo itinerario tra saperi e sapori tradizionali con una serie di iniziative pensate per l\u2019occasione.\u00a0 Un\u2019immersione nelle caratteristiche vie del centro, lungo le quali sono state ricavate &#8211; da avvolti, stalle, fienili \u2013 le \u201cboteghe\u201d degli artigiani e degli hobbisti che coinvolgeranno direttamente i visitatori nel far vedere la loro manualit\u00e0 e abilit\u00e0. Tante le attivit\u00e0 in programma, dai gruppi folkloristici ai momenti musicali, ma anche occasioni per i pi\u00f9 piccoli come laboratori creativi e il divertente spettacolo di burattini, mentre mamma e pap\u00e0 si cimentano tra fornelli e degustazioni narrate nell\u2019elegante cornice di Palazzo Scopoli. Da non perdere le serate dedicata ai <em>Magnari de \u2018na volta<\/em> (12\/8) e i <em>Veci mest\u2019ceri<\/em> (14\/8) per un tuffo nel passato, radici solide da cui attinge il futuro sostenibile di questa valle.<\/p>\n<hr \/>\n<p><em>A cura del Circolo Culturale Castel Pietra in collaborazione con le altre associazioni e realt\u00e0 commerciali ed hobbiste del paese. <\/em><\/p>\n<p>Scopri il programma su <a href=\"http:\/\/www.sanmartino.com\" target=\"_blank\" rel=\"noopener\">www.sanmartino.com<\/a>.<em>. <\/em>[\/vc_column_text][\/vc_column][\/vc_row]\n","protected":false},"excerpt":{"rendered":"<p>A cura del Circolo Culturale Castel Pietra<\/p>\n","protected":false},"author":1,"featured_media":303,"template":"","meta":{"_tribe_events_status":"","_tribe_events_status_reason":"","_tribe_events_is_hybrid":"","_tribe_events_is_virtual":"","_tribe_events_virtual_video_source":"","_tribe_events_virtual_embed_video":"","_tribe_events_virtual_linked_button_text":"","_tribe_events_virtual_linked_button":"","_tribe_events_virtual_show_embed_at":"","_tribe_events_virtual_show_embed_to":[],"_tribe_events_virtual_show_on_event":"","_tribe_events_virtual_show_on_views":"","_tribe_events_virtual_url":"","footnotes":""},"tags":[],"tribe_events_cat":[2],"class_list":["post-1071","tribe_events","type-tribe_events","status-publish","has-post-thumbnail","tribe_events_cat-palazzo-scopoli","cat_palazzo-scopoli"],"_links":{"self":[{"href":"https:\/\/piccolimuseiaprimiero.it\/palazzo-scopoli\/wp-json\/wp\/v2\/tribe_events\/1071","targetHints":{"allow":["GET"]}}],"collection":[{"href":"https:\/\/piccolimuseiaprimiero.it\/palazzo-scopoli\/wp-json\/wp\/v2\/tribe_events"}],"about":[{"href":"https:\/\/piccolimuseiaprimiero.it\/palazzo-scopoli\/wp-json\/wp\/v2\/types\/tribe_events"}],"author":[{"embeddable":true,"href":"https:\/\/piccolimuseiaprimiero.it\/palazzo-scopoli\/wp-json\/wp\/v2\/users\/1"}],"version-history":[{"count":0,"href":"https:\/\/piccolimuseiaprimiero.it\/palazzo-scopoli\/wp-json\/wp\/v2\/tribe_events\/1071\/revisions"}],"wp:featuredmedia":[{"embeddable":true,"href":"https:\/\/piccolimuseiaprimiero.it\/palazzo-scopoli\/wp-json\/wp\/v2\/media\/303"}],"wp:attachment":[{"href":"https:\/\/piccolimuseiaprimiero.it\/palazzo-scopoli\/wp-json\/wp\/v2\/media?parent=1071"}],"wp:term":[{"taxonomy":"post_tag","embeddable":true,"href":"https:\/\/piccolimuseiaprimiero.it\/palazzo-scopoli\/wp-json\/wp\/v2\/tags?post=1071"},{"taxonomy":"tribe_events_cat","embeddable":true,"href":"https:\/\/piccolimuseiaprimiero.it\/palazzo-scopoli\/wp-json\/wp\/v2\/tribe_events_cat?post=1071"}],"curies":[{"name":"wp","href":"https:\/\/api.w.org\/{rel}","templated":true}]}}

[vc_row type=&#8221;in_container&#8221; full_screen_row_position=&#8221;middle&#8221; column_margin=&#8221;default&#8221; column_direction=&#8221;default&#8221; column_direction_tablet=&#8221;default&#8221; column_direction_phone=&#8221;default&#8221; scene_position=&#8221;center&#8221; text_color=&#8221;dark&#8221; text_align=&#8221;left&#8221; row_border_radius=&#8221;none&#8221; row_border_radius_applies=&#8221;bg&#8221; overlay_strength=&#8221;0.3&#8243; gradient_direction=&#8221;left_to_right&#8221; shape_divider_position=&#8221;bottom&#8221; bg_image_animation=&#8221;none&#8221;][vc_column column_padding=&#8221;no-extra-padding&#8221; column_padding_tablet=&#8221;inherit&#8221; column_padding_phone=&#8221;inherit&#8221; column_padding_position=&#8221;all&#8221; column_element_spacing=&#8221;default&#8221; background_color_opacity=&#8221;1&#8243; background_hover_color_opacity=&#8221;1&#8243; column_shadow=&#8221;none&#8221; column_border_radius=&#8221;none&#8221; column_link_target=&#8221;_self&#8221; gradient_direction=&#8221;left_to_right&#8221; overlay_strength=&#8221;0.3&#8243; width=&#8221;1/1&#8243; tablet_width_inherit=&#8221;default&#8221; tablet_text_alignment=&#8221;default&#8221; phone_text_alignment=&#8221;default&#8221; bg_image_animation=&#8221;none&#8221; border_type=&#8221;simple&#8221; column_border_width=&#8221;none&#8221; column_border_style=&#8221;solid&#8221;][vc_column_text]Torna, per la sua 30a edizione, uno degli appuntamenti più amati di Primiero. Nel cuore di Tonadico, borgo montano definito “paese pinacoteca” perché è ricco di edifici e affreschi storici, si snoda un suggestivo itinerario tra saperi e sapori tradizionali con una serie di iniziative pensate per l’occasione.  Un’immersione nelle caratteristiche vie del centro, lungo le quali sono state ricavate &#8211; da avvolti, stalle, fienili – le “boteghe” degli artigiani e degli hobbisti che coinvolgeranno direttamente i visitatori nel far vedere la loro manualità e abilità. Tante le attività in programma, dai gruppi folkloristici ai momenti musicali, ma anche occasioni per i più piccoli come laboratori creativi e il divertente spettacolo di burattini, mentre mamma e papà si cimentano tra fornelli e degustazioni narrate nell’elegante cornice di Palazzo Scopoli. Da non perdere le serate dedicata ai <em>Magnari de ‘na volta</em> (12/8) e i <em>Veci mest’ceri</em> (14/8) per un tuffo nel passato, radici solide da cui attinge il futuro sostenibile di questa valle.</p>
<hr />
<p><em>A cura del Circolo Culturale Castel Pietra in collaborazione con le altre associazioni e realtà commerciali ed hobbiste del paese. </em></p>
<p>Scopri il programma su <a href="http://www.sanmartino.com" target="_blank" rel="noopener">www.sanmartino.com</a>.<em>. </em>[/vc_column_text][/vc_column][/vc_row]
