{"id":1669,"date":"2023-06-14T14:00:59","date_gmt":"2023-06-14T12:00:59","guid":{"rendered":"https:\/\/piccolimuseiaprimiero.it\/palazzo-scopoli\/evento\/cambia-la-tua-vita-con-la-fisica-quantistica\/"},"modified":"2023-06-14T14:01:09","modified_gmt":"2023-06-14T12:01:09","slug":"cambia-la-tua-vita-con-la-fisica-quantistica","status":"publish","type":"tribe_events","link":"https:\/\/piccolimuseiaprimiero.it\/palazzo-scopoli\/evento\/cambia-la-tua-vita-con-la-fisica-quantistica\/","title":{"rendered":"CAMBIA LA TUA VITA CON LA FISICA QUANTISTICA"},"content":{"rendered":"[vc_row type=&#8221;in_container&#8221; full_screen_row_position=&#8221;middle&#8221; column_margin=&#8221;default&#8221; column_direction=&#8221;default&#8221; column_direction_tablet=&#8221;default&#8221; column_direction_phone=&#8221;default&#8221; scene_position=&#8221;center&#8221; text_color=&#8221;dark&#8221; text_align=&#8221;left&#8221; row_border_radius=&#8221;none&#8221; row_border_radius_applies=&#8221;bg&#8221; overlay_strength=&#8221;0.3&#8243; gradient_direction=&#8221;left_to_right&#8221; shape_divider_position=&#8221;bottom&#8221; bg_image_animation=&#8221;none&#8221;][vc_column column_padding=&#8221;no-extra-padding&#8221; column_padding_tablet=&#8221;inherit&#8221; column_padding_phone=&#8221;inherit&#8221; column_padding_position=&#8221;all&#8221; column_element_spacing=&#8221;default&#8221; background_color_opacity=&#8221;1&#8243; background_hover_color_opacity=&#8221;1&#8243; column_shadow=&#8221;none&#8221; column_border_radius=&#8221;none&#8221; column_link_target=&#8221;_self&#8221; gradient_direction=&#8221;left_to_right&#8221; overlay_strength=&#8221;0.3&#8243; width=&#8221;1\/1&#8243; tablet_width_inherit=&#8221;default&#8221; tablet_text_alignment=&#8221;default&#8221; phone_text_alignment=&#8221;default&#8221; bg_image_animation=&#8221;none&#8221; border_type=&#8221;simple&#8221; column_border_width=&#8221;none&#8221; column_border_style=&#8221;solid&#8221;][vc_column_text]Incontro con l&#8217;autrice del libro Chiara Zagonel.<\/p>\n<p>La fisica quantistica ci mostra una realt\u00e0 del tutto diversa da quella che conosciamo, e i suoi princ\u00ecpi possono sembrare bizzarri e lontani dalla quotidianit\u00e0. Tuttavia, questa teoria ci offre l&#8217;opportunit\u00e0 di cambiare la nostra percezione della realt\u00e0 e di noi stessi, facendo una vera e propria rivoluzione del pensiero.<\/p>\n<hr \/>\n<p>Partecipazione libera e gratuita fino ad esaurimento dei posti disponibili.[\/vc_column_text][\/vc_column][\/vc_row]\n","protected":false},"excerpt":{"rendered":"<p>Incontro con l&#8217;autrice Chiara Zagonel<\/p>\n","protected":false},"author":4,"featured_media":303,"template":"","meta":{"_tribe_events_status":"","_tribe_events_status_reason":"","_tribe_events_is_hybrid":"","_tribe_events_is_virtual":"","_tribe_events_virtual_video_source":"","_tribe_events_virtual_embed_video":"","_tribe_events_virtual_linked_button_text":"","_tribe_events_virtual_linked_button":"","_tribe_events_virtual_show_embed_at":"","_tribe_events_virtual_show_embed_to":[],"_tribe_events_virtual_show_on_event":"","_tribe_events_virtual_show_on_views":"","_tribe_events_virtual_url":"","footnotes":""},"tags":[],"tribe_events_cat":[2],"class_list":["post-1669","tribe_events","type-tribe_events","status-publish","has-post-thumbnail","tribe_events_cat-palazzo-scopoli","cat_palazzo-scopoli"],"_links":{"self":[{"href":"https:\/\/piccolimuseiaprimiero.it\/palazzo-scopoli\/wp-json\/wp\/v2\/tribe_events\/1669","targetHints":{"allow":["GET"]}}],"collection":[{"href":"https:\/\/piccolimuseiaprimiero.it\/palazzo-scopoli\/wp-json\/wp\/v2\/tribe_events"}],"about":[{"href":"https:\/\/piccolimuseiaprimiero.it\/palazzo-scopoli\/wp-json\/wp\/v2\/types\/tribe_events"}],"author":[{"embeddable":true,"href":"https:\/\/piccolimuseiaprimiero.it\/palazzo-scopoli\/wp-json\/wp\/v2\/users\/4"}],"version-history":[{"count":0,"href":"https:\/\/piccolimuseiaprimiero.it\/palazzo-scopoli\/wp-json\/wp\/v2\/tribe_events\/1669\/revisions"}],"wp:featuredmedia":[{"embeddable":true,"href":"https:\/\/piccolimuseiaprimiero.it\/palazzo-scopoli\/wp-json\/wp\/v2\/media\/303"}],"wp:attachment":[{"href":"https:\/\/piccolimuseiaprimiero.it\/palazzo-scopoli\/wp-json\/wp\/v2\/media?parent=1669"}],"wp:term":[{"taxonomy":"post_tag","embeddable":true,"href":"https:\/\/piccolimuseiaprimiero.it\/palazzo-scopoli\/wp-json\/wp\/v2\/tags?post=1669"},{"taxonomy":"tribe_events_cat","embeddable":true,"href":"https:\/\/piccolimuseiaprimiero.it\/palazzo-scopoli\/wp-json\/wp\/v2\/tribe_events_cat?post=1669"}],"curies":[{"name":"wp","href":"https:\/\/api.w.org\/{rel}","templated":true}]}}

[vc_row type=&#8221;in_container&#8221; full_screen_row_position=&#8221;middle&#8221; column_margin=&#8221;default&#8221; column_direction=&#8221;default&#8221; column_direction_tablet=&#8221;default&#8221; column_direction_phone=&#8221;default&#8221; scene_position=&#8221;center&#8221; text_color=&#8221;dark&#8221; text_align=&#8221;left&#8221; row_border_radius=&#8221;none&#8221; row_border_radius_applies=&#8221;bg&#8221; overlay_strength=&#8221;0.3&#8243; gradient_direction=&#8221;left_to_right&#8221; shape_divider_position=&#8221;bottom&#8221; bg_image_animation=&#8221;none&#8221;][vc_column column_padding=&#8221;no-extra-padding&#8221; column_padding_tablet=&#8221;inherit&#8221; column_padding_phone=&#8221;inherit&#8221; column_padding_position=&#8221;all&#8221; column_element_spacing=&#8221;default&#8221; background_color_opacity=&#8221;1&#8243; background_hover_color_opacity=&#8221;1&#8243; column_shadow=&#8221;none&#8221; column_border_radius=&#8221;none&#8221; column_link_target=&#8221;_self&#8221; gradient_direction=&#8221;left_to_right&#8221; overlay_strength=&#8221;0.3&#8243; width=&#8221;1/1&#8243; tablet_width_inherit=&#8221;default&#8221; tablet_text_alignment=&#8221;default&#8221; phone_text_alignment=&#8221;default&#8221; bg_image_animation=&#8221;none&#8221; border_type=&#8221;simple&#8221; column_border_width=&#8221;none&#8221; column_border_style=&#8221;solid&#8221;][vc_column_text]Incontro con l&#8217;autrice del libro Chiara Zagonel.</p>
<p>La fisica quantistica ci mostra una realtà del tutto diversa da quella che conosciamo, e i suoi princìpi possono sembrare bizzarri e lontani dalla quotidianità. Tuttavia, questa teoria ci offre l&#8217;opportunità di cambiare la nostra percezione della realtà e di noi stessi, facendo una vera e propria rivoluzione del pensiero.</p>
<hr />
<p>Partecipazione libera e gratuita fino ad esaurimento dei posti disponibili.[/vc_column_text][/vc_column][/vc_row]
