{"id":1707,"date":"2023-09-29T14:28:49","date_gmt":"2023-09-29T12:28:49","guid":{"rendered":"https:\/\/piccolimuseiaprimiero.it\/palazzo-scopoli\/evento\/pietre-e-cristalli\/"},"modified":"2023-09-29T14:32:35","modified_gmt":"2023-09-29T12:32:35","slug":"pietre-e-cristalli","status":"publish","type":"tribe_events","link":"https:\/\/piccolimuseiaprimiero.it\/palazzo-scopoli\/evento\/pietre-e-cristalli\/","title":{"rendered":"PIETRE E CRISTALLI"},"content":{"rendered":"[vc_row type=&#8221;in_container&#8221; full_screen_row_position=&#8221;middle&#8221; column_margin=&#8221;default&#8221; column_direction=&#8221;default&#8221; column_direction_tablet=&#8221;default&#8221; column_direction_phone=&#8221;default&#8221; scene_position=&#8221;center&#8221; text_color=&#8221;dark&#8221; text_align=&#8221;left&#8221; row_border_radius=&#8221;none&#8221; row_border_radius_applies=&#8221;bg&#8221; overlay_strength=&#8221;0.3&#8243; gradient_direction=&#8221;left_to_right&#8221; shape_divider_position=&#8221;bottom&#8221; bg_image_animation=&#8221;none&#8221;][vc_column column_padding=&#8221;no-extra-padding&#8221; column_padding_tablet=&#8221;inherit&#8221; column_padding_phone=&#8221;inherit&#8221; column_padding_position=&#8221;all&#8221; column_element_spacing=&#8221;default&#8221; background_color_opacity=&#8221;1&#8243; background_hover_color_opacity=&#8221;1&#8243; column_shadow=&#8221;none&#8221; column_border_radius=&#8221;none&#8221; column_link_target=&#8221;_self&#8221; gradient_direction=&#8221;left_to_right&#8221; overlay_strength=&#8221;0.3&#8243; width=&#8221;1\/1&#8243; tablet_width_inherit=&#8221;default&#8221; tablet_text_alignment=&#8221;default&#8221; phone_text_alignment=&#8221;default&#8221; bg_image_animation=&#8221;none&#8221; border_type=&#8221;simple&#8221; column_border_width=&#8221;none&#8221; column_border_style=&#8221;solid&#8221;][vc_column_text]Un pomeriggio per scoprire gli usi curativi e protettivi delle pietre preziose conosciuti gi\u00e0 da Santa Ildegarda di Bingen che di loro diceva: possiedono molte forze ed effetti buoni ed utili e ad evitare ci\u00f2 che \u00e8 cattivo e nocivo per l&#8217;uomo.<\/p>\n<p>I cristalli e le pietre, infatti, si formano secondo schemi ordinati nella disposizione degli atomi che li compongono e possiedono la capacit\u00e0 di assorbire ed emettere energia; attraverso la descrizione delle singole strutture apprenderemo come le vibrazioni e i colori delle pietre interagiscono con noi aiutandoci a ritrovare il nostro equilibrio.<\/p>\n<p>Al termine sar\u00e0 offerta una tisana dell\u2019Az. Agr. Erbor\u00ec.<\/p>\n<hr \/>\n<p>A cura dell\u2019Associazione Donsenaman<br \/>\nPartecipazione con offerta libera, su prenotazione: Elisa 349 1953575[\/vc_column_text][\/vc_column][\/vc_row]\n","protected":false},"excerpt":{"rendered":"<p>[vc_row type=&#8221;in_container&#8221; full_screen_row_position=&#8221;middle&#8221; column_margin=&#8221;default&#8221; column_direction=&#8221;default&#8221; column_direction_tablet=&#8221;default&#8221; column_direction_phone=&#8221;default&#8221; scene_position=&#8221;center&#8221; text_color=&#8221;dark&#8221; text_align=&#8221;left&#8221; row_border_radius=&#8221;none&#8221; row_border_radius_applies=&#8221;bg&#8221; overlay_strength=&#8221;0.3&#8243; gradient_direction=&#8221;left_to_right&#8221; shape_divider_position=&#8221;bottom&#8221; bg_image_animation=&#8221;none&#8221;][vc_column column_padding=&#8221;no-extra-padding&#8221; column_padding_tablet=&#8221;inherit&#8221; column_padding_phone=&#8221;inherit&#8221; column_padding_position=&#8221;all&#8221; column_element_spacing=&#8221;default&#8221; background_color_opacity=&#8221;1&#8243; background_hover_color_opacity=&#8221;1&#8243; column_shadow=&#8221;none&#8221; column_border_radius=&#8221;none&#8221; column_link_target=&#8221;_self&#8221; gradient_direction=&#8221;left_to_right&#8221; overlay_strength=&#8221;0.3&#8243; width=&#8221;1\/1&#8243; tablet_width_inherit=&#8221;default&#8221;&#8230;<\/p>\n","protected":false},"author":4,"featured_media":303,"template":"","meta":{"_tribe_events_status":"","_tribe_events_status_reason":"","_tribe_events_is_hybrid":"","_tribe_events_is_virtual":"","_tribe_events_virtual_video_source":"","_tribe_events_virtual_embed_video":"","_tribe_events_virtual_linked_button_text":"","_tribe_events_virtual_linked_button":"","_tribe_events_virtual_show_embed_at":"","_tribe_events_virtual_show_embed_to":[],"_tribe_events_virtual_show_on_event":"","_tribe_events_virtual_show_on_views":"","_tribe_events_virtual_url":"","footnotes":""},"tags":[],"tribe_events_cat":[2],"class_list":["post-1707","tribe_events","type-tribe_events","status-publish","has-post-thumbnail","tribe_events_cat-palazzo-scopoli","cat_palazzo-scopoli"],"_links":{"self":[{"href":"https:\/\/piccolimuseiaprimiero.it\/palazzo-scopoli\/wp-json\/wp\/v2\/tribe_events\/1707","targetHints":{"allow":["GET"]}}],"collection":[{"href":"https:\/\/piccolimuseiaprimiero.it\/palazzo-scopoli\/wp-json\/wp\/v2\/tribe_events"}],"about":[{"href":"https:\/\/piccolimuseiaprimiero.it\/palazzo-scopoli\/wp-json\/wp\/v2\/types\/tribe_events"}],"author":[{"embeddable":true,"href":"https:\/\/piccolimuseiaprimiero.it\/palazzo-scopoli\/wp-json\/wp\/v2\/users\/4"}],"version-history":[{"count":0,"href":"https:\/\/piccolimuseiaprimiero.it\/palazzo-scopoli\/wp-json\/wp\/v2\/tribe_events\/1707\/revisions"}],"wp:featuredmedia":[{"embeddable":true,"href":"https:\/\/piccolimuseiaprimiero.it\/palazzo-scopoli\/wp-json\/wp\/v2\/media\/303"}],"wp:attachment":[{"href":"https:\/\/piccolimuseiaprimiero.it\/palazzo-scopoli\/wp-json\/wp\/v2\/media?parent=1707"}],"wp:term":[{"taxonomy":"post_tag","embeddable":true,"href":"https:\/\/piccolimuseiaprimiero.it\/palazzo-scopoli\/wp-json\/wp\/v2\/tags?post=1707"},{"taxonomy":"tribe_events_cat","embeddable":true,"href":"https:\/\/piccolimuseiaprimiero.it\/palazzo-scopoli\/wp-json\/wp\/v2\/tribe_events_cat?post=1707"}],"curies":[{"name":"wp","href":"https:\/\/api.w.org\/{rel}","templated":true}]}}

[vc_row type=&#8221;in_container&#8221; full_screen_row_position=&#8221;middle&#8221; column_margin=&#8221;default&#8221; column_direction=&#8221;default&#8221; column_direction_tablet=&#8221;default&#8221; column_direction_phone=&#8221;default&#8221; scene_position=&#8221;center&#8221; text_color=&#8221;dark&#8221; text_align=&#8221;left&#8221; row_border_radius=&#8221;none&#8221; row_border_radius_applies=&#8221;bg&#8221; overlay_strength=&#8221;0.3&#8243; gradient_direction=&#8221;left_to_right&#8221; shape_divider_position=&#8221;bottom&#8221; bg_image_animation=&#8221;none&#8221;][vc_column column_padding=&#8221;no-extra-padding&#8221; column_padding_tablet=&#8221;inherit&#8221; column_padding_phone=&#8221;inherit&#8221; column_padding_position=&#8221;all&#8221; column_element_spacing=&#8221;default&#8221; background_color_opacity=&#8221;1&#8243; background_hover_color_opacity=&#8221;1&#8243; column_shadow=&#8221;none&#8221; column_border_radius=&#8221;none&#8221; column_link_target=&#8221;_self&#8221; gradient_direction=&#8221;left_to_right&#8221; overlay_strength=&#8221;0.3&#8243; width=&#8221;1/1&#8243; tablet_width_inherit=&#8221;default&#8221; tablet_text_alignment=&#8221;default&#8221; phone_text_alignment=&#8221;default&#8221; bg_image_animation=&#8221;none&#8221; border_type=&#8221;simple&#8221; column_border_width=&#8221;none&#8221; column_border_style=&#8221;solid&#8221;][vc_column_text]Un pomeriggio per scoprire gli usi curativi e protettivi delle pietre preziose conosciuti già da Santa Ildegarda di Bingen che di loro diceva: possiedono molte forze ed effetti buoni ed utili e ad evitare ciò che è cattivo e nocivo per l&#8217;uomo.</p>
<p>I cristalli e le pietre, infatti, si formano secondo schemi ordinati nella disposizione degli atomi che li compongono e possiedono la capacità di assorbire ed emettere energia; attraverso la descrizione delle singole strutture apprenderemo come le vibrazioni e i colori delle pietre interagiscono con noi aiutandoci a ritrovare il nostro equilibrio.</p>
<p>Al termine sarà offerta una tisana dell’Az. Agr. Erborì.</p>
<hr />
<p>A cura dell’Associazione Donsenaman<br />
Partecipazione con offerta libera, su prenotazione: Elisa 349 1953575[/vc_column_text][/vc_column][/vc_row]
