{"id":1817,"date":"2024-03-22T12:39:51","date_gmt":"2024-03-22T10:39:51","guid":{"rendered":"https:\/\/piccolimuseiaprimiero.it\/palazzo-scopoli\/evento\/forma-mentis-laboratorio-di-idee-buone-pratiche-e-workshop-per-operatori-turistici-2a-edizione\/"},"modified":"2025-04-04T14:19:37","modified_gmt":"2025-04-04T12:19:37","slug":"forma-mentis-laboratorio-di-idee-buone-pratiche-e-workshop-per-operatori-turistici-3a-edizione","status":"publish","type":"tribe_events","link":"https:\/\/piccolimuseiaprimiero.it\/palazzo-scopoli\/evento\/forma-mentis-laboratorio-di-idee-buone-pratiche-e-workshop-per-operatori-turistici-3a-edizione\/","title":{"rendered":"FORMA MENTIS"},"content":{"rendered":"[vc_row type=&#8221;in_container&#8221; full_screen_row_position=&#8221;middle&#8221; column_margin=&#8221;default&#8221; column_direction=&#8221;default&#8221; column_direction_tablet=&#8221;default&#8221; column_direction_phone=&#8221;default&#8221; scene_position=&#8221;center&#8221; text_color=&#8221;dark&#8221; text_align=&#8221;left&#8221; row_border_radius=&#8221;none&#8221; row_border_radius_applies=&#8221;bg&#8221; overlay_strength=&#8221;0.3&#8243; gradient_direction=&#8221;left_to_right&#8221; shape_divider_position=&#8221;bottom&#8221; bg_image_animation=&#8221;none&#8221;][vc_column column_padding=&#8221;no-extra-padding&#8221; column_padding_tablet=&#8221;inherit&#8221; column_padding_phone=&#8221;inherit&#8221; column_padding_position=&#8221;all&#8221; column_element_spacing=&#8221;default&#8221; background_color_opacity=&#8221;1&#8243; background_hover_color_opacity=&#8221;1&#8243; column_shadow=&#8221;none&#8221; column_border_radius=&#8221;none&#8221; column_link_target=&#8221;_self&#8221; gradient_direction=&#8221;left_to_right&#8221; overlay_strength=&#8221;0.3&#8243; width=&#8221;1\/1&#8243; tablet_width_inherit=&#8221;default&#8221; tablet_text_alignment=&#8221;default&#8221; phone_text_alignment=&#8221;default&#8221; bg_image_animation=&#8221;none&#8221; border_type=&#8221;simple&#8221; column_border_width=&#8221;none&#8221; column_border_style=&#8221;solid&#8221;][vc_column_text]\n<div><strong>Forma Mentis<br \/>\nIl futuro del lavoro &#8211; Scegliere ed essere scelti per migliorare la qualit\u00e0 di vita e lavoro<\/strong><\/div>\n<div><strong>Gioved\u00ec 10 aprile<\/strong><\/div>\n<div>\n<p><em><strong><br \/>\n<\/strong><\/em>Non un semplice convegno, ma un\u00a0<strong>laboratorio di idee e buone pratiche, un\u2019officina creativa<\/strong>\u00a0che guarda a un tema di forte attualit\u00e0 in modo concreto, attraverso testimonianze di esperti e buone pratiche imprenditoriali.<\/p>\n<p><strong>Forma Mentis<\/strong>, \u00e8 uno spazio e un momento dedicato agli operatori del turismo per aprirsi al nuovo, abbracciare la voglia di cambiamento o avere la conferma di essere sulla strada giusta.<\/p>\n<p><strong>Una terza edizione<\/strong>\u00a0che ha come focus uno dei temi pi\u00f9 critici per tutti gli operatori economici in questa fase storica: le nuove dinamiche di incontro tra domanda e offerta nel mercato del lavoro, per certi versi impensabili solo fino a qualche anno fa, con particolare riferimento al mondo turistico.<br \/>\nAl giorno d\u2019oggi conta di pi\u00f9 saper scegliere le persone giuste per la propria azienda o creare le condizioni affinch\u00e9 la stessa risulti appetibile per i profili pi\u00f9 coerenti? Come affrontare esigenze ed istanze e costruire un team di lavoro affidabile e duraturo? Come incidono il work-life balance e il benessere digitale dei collaboratori e degli stessi imprenditori nelle scelte aziendali e lavorative?<br \/>\nUna giornata che offre stimoli e spazi conviviali con\u00a0<strong>4 momenti di approfondimento<\/strong>\u00a0condotti da esperti del settore forieri di buone pratiche e testimonianze, perch\u00e9 le sfide vanno affrontate con coraggio in un\u2019ottica di\u00a0 apprendere modalit\u00e0 nuove per accompagnare le aziende in ogni fase del processo, dall\u2019attivazione di azioni di personal brand alla definizione di\u00a0 politiche di flessibilit\u00e0 alla selezione delle candidature,\u00a0 al fine di adottare un approccio strategico sul tema per rafforzare la propria capacit\u00e0 di appeal.<\/p>\n<p>Niente lezioni frontali, ma un format che aiuta il dialogo e la condivisione grazie alla formula\u00a0<strong>Talk&amp;Taste<\/strong>\u00a0perch\u00e9, si sa, davanti alle cose buone del territorio, si ragiona meglio!\u00a0 Una location che fa la differenza quella di Palazzo Scopoli, Casa del Cibo, perch\u00e9 la bellezza ci d\u00e0 una maggior propensione ad apprendere, ma anche il coraggio di fare del nostro meglio.<\/p>\n<\/div>\n<div><a href=\"https:\/\/www.sanmartino.com\/IT\/forma-mentis\/\" target=\"_blank\" rel=\"noopener\">PRENOTA QUI IL TUO POSTO<\/a><\/div>\n<div>\n<hr \/>\n<p><em>A cura del Comune Primiero San Martino di Castrozza con l\u2019organizzazione di ApT San Martino di Castrozza, Primiero e Vanoi e Strada dei formaggi delle Dolomiti, in collaborazione con ENAIP Primiero, Accademia d\u2019Impresa.\u00a0<\/em><\/p>\n<\/div>\n[\/vc_column_text][\/vc_column][\/vc_row]\n","protected":false},"excerpt":{"rendered":"<p>Laboratorio di idee, buone pratiche e workshop per operatori turistici &#8211; 3a edizione.<br \/>\nEvento riservato agli operatori turistici e di settore. <\/p>\n","protected":false},"author":4,"featured_media":1428,"template":"","meta":{"_tribe_events_status":"","_tribe_events_status_reason":"","_tribe_events_is_hybrid":"","_tribe_events_is_virtual":"","_tribe_events_virtual_video_source":"","_tribe_events_virtual_embed_video":"","_tribe_events_virtual_linked_button_text":"","_tribe_events_virtual_linked_button":"","_tribe_events_virtual_show_embed_at":"","_tribe_events_virtual_show_embed_to":[],"_tribe_events_virtual_show_on_event":"","_tribe_events_virtual_show_on_views":"","_tribe_events_virtual_url":"","footnotes":""},"tags":[],"tribe_events_cat":[2,18],"class_list":["post-1817","tribe_events","type-tribe_events","status-publish","has-post-thumbnail","tribe_events_cat-palazzo-scopoli","tribe_events_cat-conferenza","cat_palazzo-scopoli","cat_conferenza"],"_links":{"self":[{"href":"https:\/\/piccolimuseiaprimiero.it\/palazzo-scopoli\/wp-json\/wp\/v2\/tribe_events\/1817","targetHints":{"allow":["GET"]}}],"collection":[{"href":"https:\/\/piccolimuseiaprimiero.it\/palazzo-scopoli\/wp-json\/wp\/v2\/tribe_events"}],"about":[{"href":"https:\/\/piccolimuseiaprimiero.it\/palazzo-scopoli\/wp-json\/wp\/v2\/types\/tribe_events"}],"author":[{"embeddable":true,"href":"https:\/\/piccolimuseiaprimiero.it\/palazzo-scopoli\/wp-json\/wp\/v2\/users\/4"}],"version-history":[{"count":1,"href":"https:\/\/piccolimuseiaprimiero.it\/palazzo-scopoli\/wp-json\/wp\/v2\/tribe_events\/1817\/revisions"}],"predecessor-version":[{"id":2484,"href":"https:\/\/piccolimuseiaprimiero.it\/palazzo-scopoli\/wp-json\/wp\/v2\/tribe_events\/1817\/revisions\/2484"}],"wp:featuredmedia":[{"embeddable":true,"href":"https:\/\/piccolimuseiaprimiero.it\/palazzo-scopoli\/wp-json\/wp\/v2\/media\/1428"}],"wp:attachment":[{"href":"https:\/\/piccolimuseiaprimiero.it\/palazzo-scopoli\/wp-json\/wp\/v2\/media?parent=1817"}],"wp:term":[{"taxonomy":"post_tag","embeddable":true,"href":"https:\/\/piccolimuseiaprimiero.it\/palazzo-scopoli\/wp-json\/wp\/v2\/tags?post=1817"},{"taxonomy":"tribe_events_cat","embeddable":true,"href":"https:\/\/piccolimuseiaprimiero.it\/palazzo-scopoli\/wp-json\/wp\/v2\/tribe_events_cat?post=1817"}],"curies":[{"name":"wp","href":"https:\/\/api.w.org\/{rel}","templated":true}]}}

[vc_row type=&#8221;in_container&#8221; full_screen_row_position=&#8221;middle&#8221; column_margin=&#8221;default&#8221; column_direction=&#8221;default&#8221; column_direction_tablet=&#8221;default&#8221; column_direction_phone=&#8221;default&#8221; scene_position=&#8221;center&#8221; text_color=&#8221;dark&#8221; text_align=&#8221;left&#8221; row_border_radius=&#8221;none&#8221; row_border_radius_applies=&#8221;bg&#8221; overlay_strength=&#8221;0.3&#8243; gradient_direction=&#8221;left_to_right&#8221; shape_divider_position=&#8221;bottom&#8221; bg_image_animation=&#8221;none&#8221;][vc_column column_padding=&#8221;no-extra-padding&#8221; column_padding_tablet=&#8221;inherit&#8221; column_padding_phone=&#8221;inherit&#8221; column_padding_position=&#8221;all&#8221; column_element_spacing=&#8221;default&#8221; background_color_opacity=&#8221;1&#8243; background_hover_color_opacity=&#8221;1&#8243; column_shadow=&#8221;none&#8221; column_border_radius=&#8221;none&#8221; column_link_target=&#8221;_self&#8221; gradient_direction=&#8221;left_to_right&#8221; overlay_strength=&#8221;0.3&#8243; width=&#8221;1/1&#8243; tablet_width_inherit=&#8221;default&#8221; tablet_text_alignment=&#8221;default&#8221; phone_text_alignment=&#8221;default&#8221; bg_image_animation=&#8221;none&#8221; border_type=&#8221;simple&#8221; column_border_width=&#8221;none&#8221; column_border_style=&#8221;solid&#8221;][vc_column_text]
<div><strong>Forma Mentis<br />
Il futuro del lavoro &#8211; Scegliere ed essere scelti per migliorare la qualità di vita e lavoro</strong></div>
<div><strong>Giovedì 10 aprile</strong></div>
<div>
<p><em><strong><br />
</strong></em>Non un semplice convegno, ma un <strong>laboratorio di idee e buone pratiche, un’officina creativa</strong> che guarda a un tema di forte attualità in modo concreto, attraverso testimonianze di esperti e buone pratiche imprenditoriali.</p>
<p><strong>Forma Mentis</strong>, è uno spazio e un momento dedicato agli operatori del turismo per aprirsi al nuovo, abbracciare la voglia di cambiamento o avere la conferma di essere sulla strada giusta.</p>
<p><strong>Una terza edizione</strong> che ha come focus uno dei temi più critici per tutti gli operatori economici in questa fase storica: le nuove dinamiche di incontro tra domanda e offerta nel mercato del lavoro, per certi versi impensabili solo fino a qualche anno fa, con particolare riferimento al mondo turistico.<br />
Al giorno d’oggi conta di più saper scegliere le persone giuste per la propria azienda o creare le condizioni affinché la stessa risulti appetibile per i profili più coerenti? Come affrontare esigenze ed istanze e costruire un team di lavoro affidabile e duraturo? Come incidono il work-life balance e il benessere digitale dei collaboratori e degli stessi imprenditori nelle scelte aziendali e lavorative?<br />
Una giornata che offre stimoli e spazi conviviali con <strong>4 momenti di approfondimento</strong> condotti da esperti del settore forieri di buone pratiche e testimonianze, perché le sfide vanno affrontate con coraggio in un’ottica di  apprendere modalità nuove per accompagnare le aziende in ogni fase del processo, dall’attivazione di azioni di personal brand alla definizione di  politiche di flessibilità alla selezione delle candidature,  al fine di adottare un approccio strategico sul tema per rafforzare la propria capacità di appeal.</p>
<p>Niente lezioni frontali, ma un format che aiuta il dialogo e la condivisione grazie alla formula <strong>Talk&amp;Taste</strong> perché, si sa, davanti alle cose buone del territorio, si ragiona meglio!  Una location che fa la differenza quella di Palazzo Scopoli, Casa del Cibo, perché la bellezza ci dà una maggior propensione ad apprendere, ma anche il coraggio di fare del nostro meglio.</p>
</div>
<div><a href="https://www.sanmartino.com/IT/forma-mentis/" target="_blank" rel="noopener">PRENOTA QUI IL TUO POSTO</a></div>
<div>
<hr />
<p><em>A cura del Comune Primiero San Martino di Castrozza con l’organizzazione di ApT San Martino di Castrozza, Primiero e Vanoi e Strada dei formaggi delle Dolomiti, in collaborazione con ENAIP Primiero, Accademia d’Impresa. </em></p>
</div>
[/vc_column_text][/vc_column][/vc_row]
