{"id":2637,"date":"2025-06-03T10:57:50","date_gmt":"2025-06-03T08:57:50","guid":{"rendered":"https:\/\/piccolimuseiaprimiero.it\/palazzo-scopoli\/evento\/il-lupo-fuori-dalle-favole\/"},"modified":"2025-08-05T14:21:45","modified_gmt":"2025-08-05T12:21:45","slug":"il-lupo-fuori-dalle-favole","status":"publish","type":"tribe_events","link":"https:\/\/piccolimuseiaprimiero.it\/palazzo-scopoli\/evento\/il-lupo-fuori-dalle-favole\/","title":{"rendered":"APERILIBRO | Il lupo fuori dalle favole"},"content":{"rendered":"[vc_row type=&#8221;in_container&#8221; full_screen_row_position=&#8221;middle&#8221; column_margin=&#8221;default&#8221; column_direction=&#8221;default&#8221; column_direction_tablet=&#8221;default&#8221; column_direction_phone=&#8221;default&#8221; scene_position=&#8221;center&#8221; text_color=&#8221;dark&#8221; text_align=&#8221;left&#8221; row_border_radius=&#8221;none&#8221; row_border_radius_applies=&#8221;bg&#8221; overflow=&#8221;visible&#8221; overlay_strength=&#8221;0.3&#8243; gradient_direction=&#8221;left_to_right&#8221; shape_divider_position=&#8221;bottom&#8221; bg_image_animation=&#8221;none&#8221;][vc_column column_padding=&#8221;no-extra-padding&#8221; column_padding_tablet=&#8221;inherit&#8221; column_padding_phone=&#8221;inherit&#8221; column_padding_position=&#8221;all&#8221; column_element_direction_desktop=&#8221;default&#8221; column_element_spacing=&#8221;default&#8221; desktop_text_alignment=&#8221;default&#8221; tablet_text_alignment=&#8221;default&#8221; phone_text_alignment=&#8221;default&#8221; background_color_opacity=&#8221;1&#8243; background_hover_color_opacity=&#8221;1&#8243; column_backdrop_filter=&#8221;none&#8221; column_shadow=&#8221;none&#8221; column_border_radius=&#8221;none&#8221; column_link_target=&#8221;_self&#8221; column_position=&#8221;default&#8221; gradient_direction=&#8221;left_to_right&#8221; overlay_strength=&#8221;0.3&#8243; width=&#8221;1\/1&#8243; tablet_width_inherit=&#8221;default&#8221; animation_type=&#8221;default&#8221; bg_image_animation=&#8221;none&#8221; border_type=&#8221;simple&#8221; column_border_width=&#8221;none&#8221; column_border_style=&#8221;solid&#8221;][vc_column_text css=&#8221;&#8221; text_direction=&#8221;default&#8221;]<strong>Gioved\u00ec 7 agosto<\/strong><strong> 2025<\/strong><\/p>\n<p><strong>Ore 17.30<\/strong><\/p>\n<p><strong>APERILIBRO<\/strong><\/p>\n<p><strong>Il lupo fuori dalle favole<\/strong><\/p>\n<p><em>Di Aldo Martina &#8211; Modera Gianna Zortea<\/em><\/p>\n<p>Questo \u00e8 un libro che ha l\u2019ambizione di essere il pi\u00f9 possibile comprensibile, sintetizzando numerosi aspetti che ci legano al lupo, una specie complessa e di indiscutibile fascino ma anche di indubbia problematicit\u00e0. \u00c8 un libro che offre una visione d\u2019insieme per un lettore interessato alle questioni naturali e ai rapporti uomo-fauna, ma che pu\u00f2 avere la sua utilit\u00e0 anche per chi ha una formazione pi\u00f9 specifica. Siamo abituati a categorizzare il lupo in buono o cattivo, invece dobbiamo comprendere che tra i due estremi c&#8217;\u00e8 il mondo, il mondo del lupo, quello vero. Questo libro apre una finestra su quel mondo.<\/p>\n<hr \/>\n<p>Da abbinare ad un aperitivo contadino a km0, proposto dai produttori del mercato della terra B\u00e8l e Bon.<\/p>\n<p>Partecipazione gratuita, degustazione \u20ac 7.[\/vc_column_text][\/vc_column][\/vc_row]\n","protected":false},"excerpt":{"rendered":"<p>[vc_row type=&#8221;in_container&#8221; full_screen_row_position=&#8221;middle&#8221; column_margin=&#8221;default&#8221; column_direction=&#8221;default&#8221; column_direction_tablet=&#8221;default&#8221; column_direction_phone=&#8221;default&#8221; scene_position=&#8221;center&#8221; text_color=&#8221;dark&#8221; text_align=&#8221;left&#8221; row_border_radius=&#8221;none&#8221; row_border_radius_applies=&#8221;bg&#8221; overflow=&#8221;visible&#8221; overlay_strength=&#8221;0.3&#8243; gradient_direction=&#8221;left_to_right&#8221; shape_divider_position=&#8221;bottom&#8221; bg_image_animation=&#8221;none&#8221;][vc_column column_padding=&#8221;no-extra-padding&#8221; column_padding_tablet=&#8221;inherit&#8221; column_padding_phone=&#8221;inherit&#8221; column_padding_position=&#8221;all&#8221; column_element_direction_desktop=&#8221;default&#8221; column_element_spacing=&#8221;default&#8221; desktop_text_alignment=&#8221;default&#8221; tablet_text_alignment=&#8221;default&#8221; phone_text_alignment=&#8221;default&#8221; background_color_opacity=&#8221;1&#8243; background_hover_color_opacity=&#8221;1&#8243; column_backdrop_filter=&#8221;none&#8221; column_shadow=&#8221;none&#8221;&#8230;<\/p>\n","protected":false},"author":4,"featured_media":2638,"template":"","meta":{"_tribe_events_status":"","_tribe_events_status_reason":"","_tribe_events_is_hybrid":"","_tribe_events_is_virtual":"","_tribe_events_virtual_video_source":"","_tribe_events_virtual_embed_video":"","_tribe_events_virtual_linked_button_text":"","_tribe_events_virtual_linked_button":"","_tribe_events_virtual_show_embed_at":"","_tribe_events_virtual_show_embed_to":[],"_tribe_events_virtual_show_on_event":"","_tribe_events_virtual_show_on_views":"","_tribe_events_virtual_url":"","footnotes":""},"tags":[],"tribe_events_cat":[15,2],"class_list":["post-2637","tribe_events","type-tribe_events","status-publish","has-post-thumbnail","tribe_events_cat-letture","tribe_events_cat-palazzo-scopoli","cat_letture","cat_palazzo-scopoli"],"_links":{"self":[{"href":"https:\/\/piccolimuseiaprimiero.it\/palazzo-scopoli\/wp-json\/wp\/v2\/tribe_events\/2637","targetHints":{"allow":["GET"]}}],"collection":[{"href":"https:\/\/piccolimuseiaprimiero.it\/palazzo-scopoli\/wp-json\/wp\/v2\/tribe_events"}],"about":[{"href":"https:\/\/piccolimuseiaprimiero.it\/palazzo-scopoli\/wp-json\/wp\/v2\/types\/tribe_events"}],"author":[{"embeddable":true,"href":"https:\/\/piccolimuseiaprimiero.it\/palazzo-scopoli\/wp-json\/wp\/v2\/users\/4"}],"version-history":[{"count":1,"href":"https:\/\/piccolimuseiaprimiero.it\/palazzo-scopoli\/wp-json\/wp\/v2\/tribe_events\/2637\/revisions"}],"predecessor-version":[{"id":2777,"href":"https:\/\/piccolimuseiaprimiero.it\/palazzo-scopoli\/wp-json\/wp\/v2\/tribe_events\/2637\/revisions\/2777"}],"wp:featuredmedia":[{"embeddable":true,"href":"https:\/\/piccolimuseiaprimiero.it\/palazzo-scopoli\/wp-json\/wp\/v2\/media\/2638"}],"wp:attachment":[{"href":"https:\/\/piccolimuseiaprimiero.it\/palazzo-scopoli\/wp-json\/wp\/v2\/media?parent=2637"}],"wp:term":[{"taxonomy":"post_tag","embeddable":true,"href":"https:\/\/piccolimuseiaprimiero.it\/palazzo-scopoli\/wp-json\/wp\/v2\/tags?post=2637"},{"taxonomy":"tribe_events_cat","embeddable":true,"href":"https:\/\/piccolimuseiaprimiero.it\/palazzo-scopoli\/wp-json\/wp\/v2\/tribe_events_cat?post=2637"}],"curies":[{"name":"wp","href":"https:\/\/api.w.org\/{rel}","templated":true}]}}

[vc_row type=&#8221;in_container&#8221; full_screen_row_position=&#8221;middle&#8221; column_margin=&#8221;default&#8221; column_direction=&#8221;default&#8221; column_direction_tablet=&#8221;default&#8221; column_direction_phone=&#8221;default&#8221; scene_position=&#8221;center&#8221; text_color=&#8221;dark&#8221; text_align=&#8221;left&#8221; row_border_radius=&#8221;none&#8221; row_border_radius_applies=&#8221;bg&#8221; overflow=&#8221;visible&#8221; overlay_strength=&#8221;0.3&#8243; gradient_direction=&#8221;left_to_right&#8221; shape_divider_position=&#8221;bottom&#8221; bg_image_animation=&#8221;none&#8221;][vc_column column_padding=&#8221;no-extra-padding&#8221; column_padding_tablet=&#8221;inherit&#8221; column_padding_phone=&#8221;inherit&#8221; column_padding_position=&#8221;all&#8221; column_element_direction_desktop=&#8221;default&#8221; column_element_spacing=&#8221;default&#8221; desktop_text_alignment=&#8221;default&#8221; tablet_text_alignment=&#8221;default&#8221; phone_text_alignment=&#8221;default&#8221; background_color_opacity=&#8221;1&#8243; background_hover_color_opacity=&#8221;1&#8243; column_backdrop_filter=&#8221;none&#8221; column_shadow=&#8221;none&#8221; column_border_radius=&#8221;none&#8221; column_link_target=&#8221;_self&#8221; column_position=&#8221;default&#8221; gradient_direction=&#8221;left_to_right&#8221; overlay_strength=&#8221;0.3&#8243; width=&#8221;1/1&#8243; tablet_width_inherit=&#8221;default&#8221; animation_type=&#8221;default&#8221; bg_image_animation=&#8221;none&#8221; border_type=&#8221;simple&#8221; column_border_width=&#8221;none&#8221; column_border_style=&#8221;solid&#8221;][vc_column_text css=&#8221;&#8221; text_direction=&#8221;default&#8221;]<strong>Giovedì 7 agosto</strong><strong> 2025</strong></p>
<p><strong>Ore 17.30</strong></p>
<p><strong>APERILIBRO</strong></p>
<p><strong>Il lupo fuori dalle favole</strong></p>
<p><em>Di Aldo Martina &#8211; Modera Gianna Zortea</em></p>
<p>Questo è un libro che ha l’ambizione di essere il più possibile comprensibile, sintetizzando numerosi aspetti che ci legano al lupo, una specie complessa e di indiscutibile fascino ma anche di indubbia problematicità. È un libro che offre una visione d’insieme per un lettore interessato alle questioni naturali e ai rapporti uomo-fauna, ma che può avere la sua utilità anche per chi ha una formazione più specifica. Siamo abituati a categorizzare il lupo in buono o cattivo, invece dobbiamo comprendere che tra i due estremi c&#8217;è il mondo, il mondo del lupo, quello vero. Questo libro apre una finestra su quel mondo.</p>
<hr />
<p>Da abbinare ad un aperitivo contadino a km0, proposto dai produttori del mercato della terra Bèl e Bon.</p>
<p>Partecipazione gratuita, degustazione € 7.[/vc_column_text][/vc_column][/vc_row]
