{"id":2875,"date":"2025-11-28T13:40:49","date_gmt":"2025-11-28T12:40:49","guid":{"rendered":"https:\/\/piccolimuseiaprimiero.it\/palazzo-scopoli\/evento\/il-pranzo-delle-festivita-zero-sprechi\/"},"modified":"2025-11-28T16:44:24","modified_gmt":"2025-11-28T15:44:24","slug":"il-pranzo-delle-festivita-zero-sprechi","status":"publish","type":"tribe_events","link":"https:\/\/piccolimuseiaprimiero.it\/palazzo-scopoli\/evento\/il-pranzo-delle-festivita-zero-sprechi\/","title":{"rendered":"Il PRANZO DELLE FESTIVIT\u00c0 &#8211; ZERO SPRECHI"},"content":{"rendered":"<p><strong>Sabato 13 dicembre 2025<\/strong><br \/>\n<strong>Ore 16.00<\/strong><\/p>\n<h1>Il PRANZO DELLE FESTIVIT\u00c0 &#8211; ZERO SPRECHI<\/h1>\n<h3>A cura del Distretto Slow Food di Primiero con Silvia Coletto e Sara Zaetta<\/h3>\n<div>Una Cooking Class dedicata alle festivit\u00e0 per imparare non solo a cucinare piatti deliziosi della tradizione, ma per scoprire come farlo con una consapevolezza nuova.<br \/>\nDimostreremo che una cucina zero sprechi non \u00e8 una cucina di rinunce, ma \u00e8 una cucina di creativit\u00e0, di rispetto per gli ingredienti, di sapori autentici e che sorprender\u00e0 amici e parenti.<\/div>\n<div>\n<p>Al termine della lezione degusteremo insieme le ricette con un brindisi finale con un calice di vino trentino.<\/p>\n<hr \/>\n<\/div>\n<div><em>Durata del corso 3 ore e mezza circa.\u00a0<\/em><\/div>\n<div><strong>Costo:<\/strong><\/div>\n<ul>\n<li>\u20ac 55<\/li>\n<li>\u20ac 45 per soci Slow Food (possibile tesserarsi al momento)<\/li>\n<\/ul>\n<p>Inclusa cooking class, degustazione e ricettario dedicato.<\/p>\n<div>\n<div><strong>Su prenotazione entro le ore 18.00 dell\u201911 dicembre tel. 389 2837003 (Silvia)<\/strong><\/div>\n<\/div>\n","protected":false},"excerpt":{"rendered":"<p>Una Cooking Class dedicata alle festivit\u00e0 per imparare non solo a cucinare piatti deliziosi della tradizione, ma per scoprire come farlo con una consapevolezza nuova.<\/p>\n","protected":false},"author":4,"featured_media":2876,"template":"","meta":{"_tribe_events_status":"","_tribe_events_status_reason":"","_tribe_events_is_hybrid":"","_tribe_events_is_virtual":"","_tribe_events_virtual_video_source":"","_tribe_events_virtual_embed_video":"","_tribe_events_virtual_linked_button_text":"","_tribe_events_virtual_linked_button":"","_tribe_events_virtual_show_embed_at":"","_tribe_events_virtual_show_embed_to":[],"_tribe_events_virtual_show_on_event":"","_tribe_events_virtual_show_on_views":"","_tribe_events_virtual_url":"","footnotes":""},"tags":[],"tribe_events_cat":[12,2,13],"class_list":["post-2875","tribe_events","type-tribe_events","status-publish","has-post-thumbnail","tribe_events_cat-la-dispensa-della-casa-del-cibo","tribe_events_cat-palazzo-scopoli","tribe_events_cat-show-cooking","cat_la-dispensa-della-casa-del-cibo","cat_palazzo-scopoli","cat_show-cooking"],"_links":{"self":[{"href":"https:\/\/piccolimuseiaprimiero.it\/palazzo-scopoli\/wp-json\/wp\/v2\/tribe_events\/2875","targetHints":{"allow":["GET"]}}],"collection":[{"href":"https:\/\/piccolimuseiaprimiero.it\/palazzo-scopoli\/wp-json\/wp\/v2\/tribe_events"}],"about":[{"href":"https:\/\/piccolimuseiaprimiero.it\/palazzo-scopoli\/wp-json\/wp\/v2\/types\/tribe_events"}],"author":[{"embeddable":true,"href":"https:\/\/piccolimuseiaprimiero.it\/palazzo-scopoli\/wp-json\/wp\/v2\/users\/4"}],"version-history":[{"count":4,"href":"https:\/\/piccolimuseiaprimiero.it\/palazzo-scopoli\/wp-json\/wp\/v2\/tribe_events\/2875\/revisions"}],"predecessor-version":[{"id":2880,"href":"https:\/\/piccolimuseiaprimiero.it\/palazzo-scopoli\/wp-json\/wp\/v2\/tribe_events\/2875\/revisions\/2880"}],"wp:featuredmedia":[{"embeddable":true,"href":"https:\/\/piccolimuseiaprimiero.it\/palazzo-scopoli\/wp-json\/wp\/v2\/media\/2876"}],"wp:attachment":[{"href":"https:\/\/piccolimuseiaprimiero.it\/palazzo-scopoli\/wp-json\/wp\/v2\/media?parent=2875"}],"wp:term":[{"taxonomy":"post_tag","embeddable":true,"href":"https:\/\/piccolimuseiaprimiero.it\/palazzo-scopoli\/wp-json\/wp\/v2\/tags?post=2875"},{"taxonomy":"tribe_events_cat","embeddable":true,"href":"https:\/\/piccolimuseiaprimiero.it\/palazzo-scopoli\/wp-json\/wp\/v2\/tribe_events_cat?post=2875"}],"curies":[{"name":"wp","href":"https:\/\/api.w.org\/{rel}","templated":true}]}}

Il PRANZO DELLE FESTIVITÀ &#8211; ZERO SPRECHI

<p><strong>Sabato 13 dicembre 2025</strong><br />
<strong>Ore 16.00</strong></p>
<h1>Il PRANZO DELLE FESTIVITÀ &#8211; ZERO SPRECHI</h1>
<h3>A cura del Distretto Slow Food di Primiero con Silvia Coletto e Sara Zaetta</h3>
<div>Una Cooking Class dedicata alle festività per imparare non solo a cucinare piatti deliziosi della tradizione, ma per scoprire come farlo con una consapevolezza nuova.<br />
Dimostreremo che una cucina zero sprechi non è una cucina di rinunce, ma è una cucina di creatività, di rispetto per gli ingredienti, di sapori autentici e che sorprenderà amici e parenti.</div>
<div>
<p>Al termine della lezione degusteremo insieme le ricette con un brindisi finale con un calice di vino trentino.</p>
<hr />
</div>
<div><em>Durata del corso 3 ore e mezza circa. </em></div>
<div><strong>Costo:</strong></div>
<ul>
<li>€ 55</li>
<li>€ 45 per soci Slow Food (possibile tesserarsi al momento)</li>
</ul>
<p>Inclusa cooking class, degustazione e ricettario dedicato.</p>
<div>
<div><strong>Su prenotazione entro le ore 18.00 dell’11 dicembre tel. 389 2837003 (Silvia)</strong></div>
</div>

<p>Una Cooking Class dedicata alle festività per imparare non solo a cucinare piatti deliziosi della tradizione, ma per scoprire come farlo con una consapevolezza nuova.</p>
